igit of 13351377?
5
What is the ten thousands digit of 5468165?
6
What is the units digit of 257567?
7
What is the hundreds digit of 2955363?
3
What is the tens digit of 4391001?
0
What is the units digit of 1202297?
7
What is the tens digit of 715859?
5
What is the hundred thousands digit of 286786?
2
What is the units digit of 322243?
3
What is the hundreds digit of 1739156?
1
What is the ten thousands digit of 2201023?
0
What is the thousands digit of 152932?
2
What is the millions digit of 4583742?
4
What is the ten thousands digit of 2890267?
9
What is the millions digit of 1690410?
1
What is the hundred thousands digit of 218188?
2
What is the millions digit of 6910564?
6
What is the hundred thousands digit of 7530410?
5
What is the thousands digit of 278465?
8
What is the hundred thousands digit of 1653996?
6
What is the thousands digit of 41847?
1
What is the hundreds digit of 2393348?
3
What is the thousands digit of 314719?
4
What is the thousands digit of 14391497?
1
What is the units digit of 26114973?
3
What is the hundreds digit of 16645491?
4
What is the thousands digit of 190867?
0
What is the ten thousands digit of 102194?
0
What is the hundreds digit of 170552?
5
What is the units digit of 158260?
0
What is the ten thousands digit of 914494?
1
What is the ten thousands digit of 744895?
4
What is the ten thousands digit of 147185?
4
What is the thousands digit of 1254072?
4
What is the hundreds digit of 1440419?
4
What is the hundreds digit of 912796?
7
What is the tens digit of 724697?
9
What is the millions digit of 13701550?
3
What is the units digit of 74551?
1
What is the units digit of 1258527?
7
What is the hundred thousands digit of 18852391?
8
What is the hundreds digit of 320511?
5
What is the tens digit of 2998887?
8
What is the thousands digit of 645394?
5
What is the ten thousands digit of 79313?
7
What is the thousands digit of 123110?
3
What is the ten thousands digit of 9157998?
5
What is the tens digit of 2977866?
6
What is the units digit of 675248?
8
What is the ten thousands digit of 2074691?
7
What is the hundreds digit of 802690?
6
What is the hundred thousands digit of 793975?
7
What is the tens digit of 4214160?
6
What is the hundreds digit of 12432972?
9
What is the thousands digit of 5222219?
2
What is the ten thousands digit of 751525?
5
What is the hundred thousands digit of 291010?
2
What is the ten thousands digit of 12424403?
2
What is the ten thousands digit of 3682456?
8
What is the units digit of 12945517?
7
What is the ten thousands digit of 287637?
8
What is the hundred thousands digit of 319177?
3
What is the ten thousands digit of 1598383?
9
What is the tens digit of 123649?
4
What is the units digit of 7554107?
7
What is the ten thousands digit of 1457817?
5
What is the ten thousands digit of 2582650?
8
What is the thousands digit of 27234842?
4
What is the tens digit of 53552?
5
What is the hundred thousands digit of 4883982?
8
What is the tens digit of 631927?
2
What is the units digit of 280310?
0
What is the ten thousands digit of 542576?
4
What is the ten thousands digit of 19705326?
0
What is the hundred thousands digit of 209899?
2
What is the ten thousands digit of 8944569?
4
What is the tens digit of 19251055?
5
What is the ten thousands digit of 175335?
7
What is the ten thousands digit of 1085931?
8
What is the thousands digit of 5407169?
7
What is the hundreds digit of 72255?
2
What is the hundreds digit of 785638?
6
What is the ten thousands digit of 261263?
6
What is the ten millions digit of 29920397?
2
What is the thousands digit of 119844?
9
What is the ten thousands digit of 5015525?
1
What is the tens digit of 1464396?
9
What is the units digit of 1350051?
1
What is the tens digit of 947410?
1
What is the ten thousands digit of 1861201?
6
What is the hundred thousands digit of 17068030?
0
What is the units digit of 26464953?
3
What is the tens digit of 1006092?
9
What is the units digit of 69074?
4
What is the units digit of 254257?
7
What is the units digit of 2455070?
0
What is the thousands digit of 100238?
0
What is the thousands digit of 669857?
9
What is the ten thousands digit of 177900?
7
What is the hundreds digit of 10576886?
8
What is the hundred thousands digit of 1332479?
3
What is the units digit of 1444785?
5
What is the tens digit of 1075995?
9
What is the hundred thousands digit of 218833?
2
What is the ten thousands digit of 399037?
9
What is the hundred thousands digit of 458977?
4
What is the tens digit of 544264?
6
What is the hundreds digit of 1601300?
3
What is the ten thousands digit of 4237504?
3
What is the units digit of 100702?
2
What is the hundreds digit of 6235556?
5
What is the units digit of 2148311?
1
What is the hundred thousands digit of 150828?
1
What is the thousands digit of 12091?
2
What is the tens digit of 992536?
3
What is the hundred thousands digit of 819808?
8
What is the thousands digit of 27730226?
0
What is the millions digit of 1100866?
1
What is the millions digit of 1039439?
1
What is the ten millions digit of 11750179?
1
What is the hundreds digit of 453655?
6
What is the tens digit of 652423?
2
What is the units digit of 163458?
8
What is the ten thousands digit of 145639?
4
What is the ten thousands digit of 408466?
0
What is the millions digit of 5651304?
5
What is the ten thousands digit of 585053?
8
What is the ten thousands digit of 6847341?
4
What is the thousands digit of 6502151?
2
What is the hundreds digit of 814823?
8
What is the hundreds digit of 607?
6
What is the thousands digit of 315930?
5
What is the ten thousands digit of 644258?
4
What is the units digit of 5399062?
2
What is the ten thousands digit of 2180479?
8
What is the hundred thousands digit of 5116518?
1
What is the hundred thousands digit of 853380?
8
What is the units digit of 344264?
4
What is the ten thousands digit of 9639516?
3
What is the units digit of 1086291?
1
What is the tens digit of 54308?
0
What is the hundred thousands digit of 1331825?
3
What is the thousands digit of 56533?
6
What is the ten thousands digit of 6230651?
3
What is the hundreds digit of 554916?
9
What is the units digit of 14361?
1
What is the tens digit of 59548?
4
What is the units digit of 964447?
7
What is the units digit of 23963244?
4
What is the tens digit of 46742?
4
What is the thousands digit of 113150?
3
What is the ten thousands digit of 2576173?
7
What is the hundred thousands digit of 750486?
7
What is the hundreds digit of 75450?
4
What is the hundred thousands digit of 752457?
7
What is the ten thousands digit of 501011?
0
What is the hundred thousands digit of 2076678?
0
What is the ten thousands digit of 444200?
4
What is the tens digit of 25470373?
7
What is the ten thousands digit of 4249773?
4
What is the hundreds digit of 12868820?
8
What is the ten thousands digit of 436711?
3
What is the ten thousands digit of 296246?
9
What is the units digit of 122855?
5
What is the tens digit of 4259915?
1
What is the hundreds digit of 1829893?
8
What is the hundreds digit of 2944661?
6
What is the thousands digit of 271556?
1
What is the hundreds digit of 2218188?
1
What is the ten thousands digit of 1513736?
1
What is the units digit of 10024158?
8
What is the tens digit of 2720?
2
What is the hundred thousands digit of 9052698?
0
What is the thousands digit of 2367790?
7
What is the hundreds digit of 14842615?
6
What is the thousands digit of 19043579?
3
What is the ten thousands digit of 14978098?
7
What is the ten thousands digit of 8805280?
0
What is the ten thousands digit of 3141159?
4
What is the units digit of 70703?
3
What is the millions digit of 2477319?
2
What is the ten thousands digit of 1771109?
7
What is the hundreds digit of 142009?
0
What is the hundreds digit of 328152?
1
What is the ten millions digit of 15909310?
1
What is the ten thousands digit of 39256781?
5
What is the thousands digit of 1258720?
8
What is the thousands digit of 372065?
2
What is the thousands digit of 72222?
2
What is the ten thousands digit of 513102?
1
What is the tens digit of 4874802?
0
What is the ten thousands digit of 3472101?
7
What is the thousands digit of 268559?
8
What is the units digit of 330568?
8
What is the ten thousands digit of 369